te -261 + -106 + (30 - -221).
-116
What is the value of (-25 - 1) + 65 + -8?
31
What is the value of -18 - (5 + -13) - (-2 + -14) - 10?
-4
What is 14 + (51 - 33 - 38)?
-6
Evaluate 0 + (-2 - 5) + (-6 - 17 - -19).
-11
Evaluate 5 + 4 + -2 - (-523 - -529) - 14.
-13
Calculate -62 + 94 - (-75 - -94).
13
-12 + (25 - -12) + (-6 - (4 - 9))
24
What is the value of (-1 - -7) + (-1421 - -1430) - 60?
-45
Evaluate 631 + -569 + -1 + -117.
-56
What is the value of (-86 - (5 - 85)) + 65 + 1?
60
What is the value of 0 + -8 - (1580 - 1585)?
-3
Evaluate 114 + (-19 + 37 - 94).
38
Calculate -111 + 0 + -40 + (44 - -9).
-98
Calculate -158 - -27 - -153 - (-3 - -6 - (3 + -9)).
13
Evaluate -77 + (-2 - -5 - -5 - (10 + (-1 - 3))).
-75
Evaluate 61 + (-2 - (11 + 3) - (-6 - 6)).
57
Calculate (-4 - 3 - -1) + (-14 - 0).
-20
Evaluate (-43 - -24) + 10 - (-13 - (-2 - 3)).
-1
Calculate (30 + 54 - 78) + -11.
-5
Evaluate (-50 - -8 - -3) + 347 + -342.
-34
What is the value of -19 + -3 + (1 - -12 - 7) + 8?
-8
45 + -2 + 4 - (-1895 + 1912)
30
-22 + (29 + 19 - (3 + 5))
18
What is (-5 - (-6 + -1) - 15) + (-17 + 81 - -6)?
57
Calculate 406 + -528 + 55 + 8.
-59
What is (-47 - (-34 - 29)) + -61?
-45
What is the value of (-4 - -12) + 4 + -5 - (-83 + 24)?
66
Evaluate -64 + -8 + -5 + 14 + (5 - 0).
-58
Calculate -201 + 218 + -5 + -42 - -32.
2
Calculate -11 + (30 - 11 - -21) + 1 + -8.
22
What is the value of (4 - (-10 + 1 + 3)) + 20 + 8?
38
(-8 - 126) + 49 - -132
47
What is the value of -113 + 40 + 35 + (-2 - 0)?
-40
Evaluate -66 + (-1 + 0 - -2 - (-64 - -51)).
-52
Calculate (-15 + 8 - (-4 - (0 + 1))) + 21.
19
-41 + (-18 + -10 - -1 - -16)
-52
Evaluate 2 + 1 + 1 - (-3 + (-13 - -22)).
-2
What is the value of 2 + -16 - (596 + -623)?
13
What is the value of (40 - (52 + -20 - 5)) + -77?
-64
Evaluate (8 - (-9 + 24 + 41)) + 15 + -17 + 17.
-33
Calculate (5 - (19 - 32 - -25)) + -3 + 5 + 71.
66
What is the value of 2 + 0 + 9 + (-22 - (-13 - 39))?
41
What is the value of -17 - (-6 + -17 - -19) - (48 - 2)?
-59
184 + -157 - (90 - 4)
-59
What is 47 + (31 + -82 - -12)?
8
What is (3 + -4 - (0 - -1)) + 964 + -935?
27
20 + 4 + -6 - ((5 - (0 + 22)) + 7)
28
What is (-13 - -1) + -47 + 50 + -13 + 31 - 66?
-57
Calculate (-9 - -17) + 14 + (11 - ((16 - 1) + -8)).
26
What is (-50 - -6) + 175 + -184 + 11 + -1?
-43
Calculate -3 + 3 + -29 + (840 - 744).
67
Evaluate -29 + 50 + (-41 - (1 + -5)).
-16
Evaluate (-3 - -1) + 21 - (-56 - -62) - 7.
6
What is 153 + -136 + (-1 + -3 - (60 + -4))?
-43
What is 14 - (17 + 0 + -16) - (-8 - 0)?
21
Evaluate 68 + -24 - (-5 - ((10 - 6) + -10)).
43
What is the value of (186 - 246) + 69 + 8?
17
Evaluate 68 - ((15 - (-22 - -46)) + 9).
68
What is 97 + -34 + -42 + 2?
23
Evaluate -14 + 8 - -11 - (80 + -69).
-6
What is the value of (-66 - 2) + (15 - (-26 - -41) - -5)?
-63
Calculate (-22 + 9 + -1 - (6 + -11)) + -60.
-69
Evaluate -41 - (-8 - (15 + -72 + 18)).
-72
Evaluate 146 - -62 - 220 - (32 - (1 - 1)).
-44
What is -21 + -15 + (-20 - (-14 - 14))?
-28
What is the value of (-57 - -22) + 103 + (-8 - 13)?
47
What is the value of 131 - 82 - (11 + (5 - 7))?
40
Evaluate -61 + 63 + -14 + 2 + -4 + 61.
47
Calculate -29 + (-8 + 0 - 22).
-59
Calculate 5 - (-29 + -7 + 8).
33
What is -159 + (-51 - -264) + -106?
-52
Evaluate ((-2 + -8 - -7) + 4 - (-3 - -7)) + -11.
-14
What is the value of 9 + -164 + (-858 - -910)?
-103
What is the value of 13 + 4 + -9 + (-42 - (-5 - (9 + -16)))?
-36
What is the value of -4282 - -4257 - (1 - 46)?
20
What is the value of 97 - (24 + (50 - 16))?
39
Evaluate 4 + 11 + 2 + -14 + -18 - 67.
-82
Evaluate (-2 - -97) + 13 + 4.
112
Calculate 667 - 564 - (12 - -204).
-113
What is the value of (-6 - 73) + 11 + -51 + 52?
-67
What is -107 - (44 + 43 + -101 + -15)?
-78
Calculate 1 - (47 - 24) - (-7 - -19).
-34
Evaluate -726 + 679 - (-2 - 47).
2
-35 + 40 - (2 - (-24 + -6))
-27
What is the value of -2 + (0 - 9) + (59 - (306 - 171))?
-87
63 - (-48 + 1 + -13 + 34)
89
Calculate 208 + -121 + (12 - (0 + -8 + 3)).
104
(0 - 0) + (-13 - (117 - 217) - (-1 + 24))
64
Calculate (-31 - -42) + (6 - 66) + 19.
-30
Evaluate -93 + 7 + 29 - 37 - 19.
-113
Calculate (1 - -136) + (13187 - 13230).
94
What is 10 + (37 - 23) - (-13 - (-3 + 0 + 3))?
37
Calculate 25 - 119 - (-208 - -55).
59
What is (5 + (-4 - -7) - 10) + 1 + 51?
50
-65 - ((2 + 0 + -1 - -11) + (195 - 196))
-76
What is the value of 281 - 298 - (-3 + 1 + -19)?
4
29 + (-79 + 107 - 54)
3
Calculate 12 + -59 + (-2 + 7 - 11 - (0 - -4)).
-57
What is the value of -34 + 20 + -22 + 14 - 32?
-54
25 + 4 + -50 + 39 + (12 - 2)
28
Evaluate 13 - (-21 + 53 + (0 - 3)).
-16
Calculate (-3 - (-1 + 33)) + -1 - (130 - 141) - -1.
-24
Calculate 44 + -8 - (-43 + 61) - 35.
-17
Calculate (-3 - 1) + (-66 - -6) - (51 - 52).
-63
(194 - 177 - (2 - 4 - -13)) + -28
-22
Calculate -31 - -17 - (33 - 105).
58
What is 55 + (0 - (3 - (-9 - (6 + -27 + 11))))?
53
What is the value of (126 - 33 - 31) + (0 - 14)?
48
-1 - 64 - (72 - 57 - (3 - 9 - -10))
-76
Evaluate -87 + 209 + -115 + 65.
72
Calculate -60 - (-96 + (131 - 33)).
-62
0 - ((-13 - (-5 - -3)) + 11) - (-1 - -7)
-6
92 + -25 + -84 + 3 + 2
-12
What is the value of (55 - (170 + -87 - -56)) + (-4 + 0 - -2)?
-86
Evaluate (7 - -14) + -547 + 593.
67
Calculate -139 + 28 + -56 + (21 - -45).
-101
What is the value of (9 - (-2 + 3)) + 29 + 43 + -58?
22
Evaluate 2 + 1010 + -1002 + (-1 - 28) + 0.
-19
0 + 13 + 0 + -147 + 96 + -2
-40
Evaluate 38 + 86 + -38 + -176.
-90
What is 13 + 11 + 2 + -15 - 7 - 37?
-33
44 - (8 - (-38 - -12))
10
Evaluate -8 + 2 + 2 - (73 + (-30 - -8)).
-55
Evaluate -21 - (47 + -49 + -13).
-6
What is -26 + (4 - (38 - 35))?
-25
40 + (-24 - (-34 + 8 + 6))
36
What is 0 - 17 - (-974 + 940)?
17
-75 - (-57 + (18 - 16 - -26))
-46
What is -121 + -3 - -58 - -18?
-48
479 + -339 + 18 + -80
78
Evaluate -14 - -59 - (7 + (8 - 8) + -1).
39
Calculate -46 + (10 + -12 - 5 - 13 - -14).
-52
-19 + 21 + 25 + -32 + (50 - -3)
48
What is the value of (-11 - 8) + 9 + (-16 - -30)?
4
Calculate 37 + -51 - (-7 + (-2 - 4)).
-1
16 - (-8 + 225 + -251 + 0 + 7)
43
Calculate -19 - 1 - (3482 - 3450).
-52
Evaluate -53 + 72 + -28 + -3.
-12
What is (3 - 4) + (-14 - 1 - -44) + 5?
33
Calculate -104 + 34 + -2 + 40.
-32
Calculate 24 + (-48 + 35 - 131) + 21 + -3.
-102
What is 26 + -4 + -32 - (5 + -4)?
-11
23 + -1 + 9 + -21 + 6 + -158
-142
What is (21 - 10) + -7 + 2 + (-14 - (-1 - -9))?
-16
What is the value of (47 - 14) + -6 + -54?
-27
Calculate -19 + (66 - (26 + -18 - 1)).
40
Calculate 33 - -2 - (2069 + -2023).
-11
-11 - (0 - -5 - (-28 - (35 + -70))) - 71
-80
Calculate -13 + -2 - (12 - (2 - -4) - 93).
72
Evaluate (0 - (-61 - 4)) + (119 - (32 - -95)).
57
Evaluate (-11 - -1) + 9 + 3 + (48 - 45).
5
What is -19 + 12 + 21 + -11 + -13?
-10
-124 + -2 + (100 - 112)
-138
What is -2955 - -2914 - (1 - 126)?
84
What is -2 + (5 - (1 + -12 + 3)) - (92 + -36)?
-45
Calculate -24 + -3 + (-1306 - -1367).
34
Calculate 0 - -2 - ((-208 - -106) + 100).
4
Calculate (2 - -3) + (-277 - -264) + 48 + -1.
39
Calculate 34 + -22 + (31 - 5) + (-2 - 2).
34
What is -326 + -168 + 426 + (1 - (1 - 1))?
-67
-34 + -11 + (1 + -2 - (44 + -60))
-30
Calculate 11 + 25 + -46 - -10 - 43.
-43
What is -1 + -19 - (-315 - -324) - -25?
-4
What is the value of -5 + 0 - (-15 - (2 - 10)) - 25?
-23
What is -100 + (51 - (-247 - -134))?
64
What is the value of -56 + -29 + 196 + -156?
-45
What is (48 + -86 - -13) + 48?
23
Calculate -67 - (49 - 191) - 146.
-71
Evaluate (47 - 27) + 10 + 32.
62
(1 - -2) + (-5 + -12 - -24) - 39
-29
-15 - 3 - -38 - 53
-33
What is the value of 2 + -1 + (3 - 7) + 107 + (619 - 618)?
105
What is the value of 8 + -1 - (88 + (22 - 115))?
12
What is 25 - (17 - (-57 + (-15 - -29)))?
-35
What is (-25 - -28) + (-32 - (-7 + 5) - -5) - -1?
-21
What is the value of 54 + -17 + -9 + 17?
45
Calculate (419 - 444 - (-19 + -2)) + -1 + -53.
-58
(13 - -7) + (-15 - (10 + -47))
42
(0 - 6) + (-17 + 31 - 1)
7
What is the value of (-11 + -1 - -17 - 13) + (0 - -6) - 36?
-38
What is -11 + (-40 - (-13 + 25 + -15))?
-48
86 - (116 - 35 - -85)
-80
Evaluate -2 + (20 + -8 - 9) + -7 - 9 - -1.
-14
-1 + -16 - -13 - (-29 + 8 + -7)
24
What is (52 - (56 - 18 - -37)) + (93 - 0)?
70
Evaluate (-7 - (-19 - -9)) + 19 + -19.
3
Calculate (3 + -3 - -14) + -68 + 43 + 10.
-1
(34 + -43 - -8) + -2 + -11 - (4 + 4)
-22
What is the value of -4 - 13 - (-499 - -435)?
4